-12 + 26)?
-3
4 - (-8 + 4 + 7)
1
What is the value of 2 + -1 + -1 - (6 - 6)?
0
Evaluate 9 + -10 - (-3 - (-2 - 0)).
0
Evaluate 7 + -4 + (0 - -1) + -9.
-5
Evaluate 8 + -10 + (-1 - 1) + 1.
-3
What is 2 - (-3 - (0 - 5))?
0
Calculate 7 - 12 - (0 - -1).
-6
Calculate -2 + -2 + (-3 - -2).
-5
What is (16 - 10) + (0 + -2 - -1)?
5
Calculate 21 - (7 - (5 - 11)).
8
4 + (-2 - -1) + -7
-4
What is -2 + (-9 - (-13 - 0))?
2
Evaluate 3 + (0 - 1) + -29 + 33.
6
Evaluate -5 + 1 + -6 + -1 + 6.
-5
Evaluate -6 - -8 - (-3 - -7).
-2
(-3 - -2 - 0) + 3 + 1
3
Calculate 11 - 12 - (0 - -1).
-2
Evaluate 5 + -3 + (0 - -2).
4
What is (-6 + 3 - -9) + -12?
-6
What is 0 + -3 + 2 + (5 - 2)?
2
8 + -11 - (1 - 0)
-4
What is -1 - 6 - -2 - (-5 + 1)?
-1
What is the value of -37 + 35 - (0 - 0)?
-2
What is -1 + (6 + -7 - -4)?
2
Calculate 11 + (-10 - (5 - 9)).
5
2 - (-15 - -4 - -6)
7
Calculate 7 - ((1 - 1) + 30 + -27).
4
What is the value of (-2 - 0) + (-1 - (-4 + 5))?
-4
-25 + 19 + (-3 - -7)
-2
-6 + (7 + 6 - 8)
-1
What is -3 - (-1 - 2) - (-9 - -6)?
3
What is -1 + 1 - (-5 - -2)?
3
What is the value of -11 - -1 - (2 + (2 - 9))?
-5
What is the value of -2 - (1 - 1) - (3 - 2)?
-3
Calculate -1 + (-5 - (-3 + -6)) + -2.
1
What is 1 + -3 - (0 + 5 + -6)?
-1
What is the value of -38 + 47 - (6 + 2)?
1
0 + (2 - (3 - -1))
-2
Calculate 0 + (-7 - (-6 + 5)).
-6
Evaluate (-7 - (-6 - 6)) + -8.
-3
What is 4 + (-2 + -14 - -4)?
-8
What is 4 - (-2 + 1 - (1 - 10))?
-4
Calculate -2 + 8 + (-6 - (3 + -6)).
3
What is the value of -1 + -1 + 11 + -13 + -1?
-5
Evaluate -1 + -2 + -1 + 2.
-2
Evaluate 1 + 0 + (4 - 7).
-2
Calculate -10 + (2 + 9 - 5).
-4
What is the value of -122 + 120 + 0 + (8 - 1)?
5
Evaluate 8 - (3 - -12 - 0).
-7
Calculate 0 + 6 + (-8 + -2 - -14).
10
Calculate 1 + -1 + 2 + -1 + 6.
7
Calculate 1 - 5 - (16 + -16).
-4
Evaluate -2 + -4 - (-86 - -72).
8
Calculate 6 - (0 - -4) - 5.
-3
What is (-2 - -2) + -2 + 6?
4
What is -5 + (0 + -4 + 3 - -11)?
5
Evaluate 1 + -1 + 60 + -59.
1
What is the value of 2 + (1 - 6) + 0?
-3
What is 3 - (4 - (4 + 0)) - -2?
5
Calculate -6 - ((-8 + 21 - 5) + -18).
4
3 + (3 - -3) + -4
5
-6 + 0 - (-1 + (-8 - 2))
5
Calculate -1 - -11 - (18 + -13).
5
-3 - ((4 - (9 + -4)) + -3)
1
Evaluate (0 - 7) + 14 + -6.
1
Calculate 2 + (-3 - -2) - 4.
-3
Calculate -4 + (0 - -3) + -1.
-2
Evaluate (11 - 17) + -8 + 9.
-5
-1 + 9 - (79 + -65)
-6
Calculate 4 + -8 + 7 - (13 + -13).
3
What is 4 + (-13 - -26) + -21?
-4
What is 11 + -14 + -4 + 12?
5
What is -7 + (8 - (7 + (-4 - 3)))?
1
(-1 - -6) + (-1 - 10) + 2
-4
2 - (-9 + -4 + 15)
0
3 - (3 + -7) - 8
-1
What is 4 + -4 - 1 - -1?
0
Evaluate 0 + -3 - (-25 + (0 - -18)).
4
What is the value of -2 - -3 - (-24 - -27)?
-2
What is (3 - -16 - 8) + -13?
-2
What is 0 + 6 + 1 + -5 - -2?
4
What is 25 + -26 - (0 + 2)?
-3
0 + (-8 + 17 - 3)
6
Evaluate -2 - (0 - 1) - (-11 + 9).
1
-2 + 4 + 6 - (10 + -5)
3
Evaluate 0 + (-6 - -2) + 6.
2
Calculate 9 + (-14 - (9 + -10)).
-4
-2 + -1 + (0 - 7 - -6)
-4
What is -4 - 2 - ((15 - 8) + -5)?
-8
Calculate 0 - (-7 + (15 - 5) + -5).
2
What is -4 + 2 + (11 - 13)?
-4
What is the value of 14 + -6 + -10 - -6?
4
What is -4 + (9 - 11) - (3 - 3)?
-6
What is the value of (-2 + 2 - 3) + 7?
4
Calculate 5 + -4 + -6 + 14 + -4.
5
Calculate 4 + 1 + 4 + -2 + -6.
1
-1 + -2 + -2 + (6 - -1)
2
Calculate 13 + -12 + -5 + 1.
-3
What is the value of 23 + -24 - (1 - -3)?
-5
(-5 - -1) + (-1 - (4 + -4))
-5
Calculate 0 - -5 - (0 - (4 + -4)).
5
What is the value of -2 + -2 + (-2 - 3 - -6)?
-3
(-7 - -2 - -4) + -2 + 0
-3
-11 + 4 + 3 + -2
-6
Evaluate (1 - (-1 + 0)) + (-172 - -174).
4
Evaluate -9 + -3 + -4 + 8.
-8
Evaluate (-37 - -29) + (8 - -2).
2
-2 + (0 - -1) - (3 + -5)
1
Calculate -12 + 11 - (1 - -2).
-4
-5 - (9 + -3 - (8 - 4))
-7
What is the value of (-2 - -4 - 0) + 1 + -5?
-2
What is 4 - (-2 + 1 - 0)?
5
Evaluate (-11 - -5) + -5 + 6.
-5
What is 2 - 2 - (-20 + 10 - -8)?
2
Calculate 1 + 0 - (-1 - (-3 - -3)).
2
Evaluate (-5 + (3 - -2) - 1) + -6.
-7
What is the value of 1 + 3 + 1 + 1 - 11?
-5
What is 4 - ((13 - 2) + -8)?
1
Calculate -5 - (4 + 4 - (1 + 5)).
-7
Evaluate 21 + -19 + (0 - 2).
0
What is the value of -3 - -2 - ((9 - 7) + -8)?
5
What is 6 + (-3 - (-3 + 7 + -6))?
5
Calculate 23 + -15 + 3 + -13.
-2
Calculate (-4 - -6) + -9 + 4 + 3.
0
Calculate 6 - 7 - (0 + 0).
-1
Evaluate (3 - 3) + -1 + 2 - 4.
-3
What is 3 + (-20 - -7 - -6)?
-4
Evaluate 4 + (-3 - 1 - 5).
-5
What is -2 + 1 - 1 - (37 - 39)?
0
What is 0 - (-1 + 2) - 0?
-1
What is the value of -26 - -21 - (0 - (-1 - -3))?
-3
What is the value of 0 - 5 - (4 - 17 - -13)?
-5
10 + -8 + 4 + -9
-3
Evaluate -1 - ((-1 - (-2 - -3)) + 5).
-4
What is the value of 0 + (0 - 3) - (31 - 29)?
-5
Calculate 1 + -3 + -10 + 8.
-4
Calculate -5 + -1 - (-4 - (-4 + 2)).
-4
Evaluate 1 - (5 - (1 + (0 - -1))).
-2
Evaluate (3 - 2) + (2 - -2).
5
What is the value of (11 - -2) + -11 - (13 + -1)?
-10
Evaluate (2 + -4 - -8) + 110 + -124.
-8
3 + -3 + -2 - (-25 + 23)
0
Calculate 0 + -3 + -10 + 14.
1
What is (-10 - -5 - -4) + (3 - -1)?
3
What is -1 + 2 + -4 - (3 + -7)?
1
What is 0 + (-5 - (5 + -18)) - 6?
2
0 - (5 + (-1 - -1)) - -1
-4
Calculate 13 + (-6 - 13) + (0 - -2).
-4
What is 6 - (6 + 4 + -4)?
0
What is the value of 2 - ((1 - -2) + 1)?
-2
What is the value of 1 + -2 + 1 + -1?
-1
What is (-256 - -255) + (5 + 1 - -1)?
6
Calculate (-1 - 0) + 2 - -4 - 0.
5
Calculate 2 - 2 - (0 + -3).
3
What is -1 + 6 + -4 + -2 + 3?
2
What is the value of -5 - (-5 - (3 + -12))?
-9
Evaluate (-1 - 9) + 13 + -9 + 1.
-5
Calculate (-2 - -11 - -2) + -51 + 47.
7
What is (-6 - (2 - 4)) + 1?
-3
What is (1 - 9) + (-13 - -17)?
-4
2 + -6 - (5 - 15 - -4)
2
Evaluate (7 - 12) + -4 + 15.
6
Evaluate 5 + (4 - 6) - 8.
-5
What is (-3 + 4 - 9) + 6?
-2
What is the value of (2 - 1) + (-7 - -5) + -2?
-3
Calculate (15 - (21 - 5)) + (1 - 3).
-3
What is 7 + -2 + (-7 + 0 - 3)?
-5
Calculate -6 + (9 - (-2 + 9)).
-4
Evaluate 2 - (2 + (4 - 5)).
1
5 - (15 - 0) - (12 - 18)
-4
What is the value of (1 + 6 - 1) + -1 + -8?
-3
-6 - (0 - (-3 + -1 - -4))
-6
What is the value of 5 + 1 - (45 + -43)?
4
Evaluate 1 - 2 - (9 - 2 - 14).
6
What is 1 + (0 - -4) + 5 + -9?
1
What is 17 + -26 + -1 + 5?
-5
What is the value of 5 + -3 + -2 - -2?
2
Calculate 7 + -7 + 8 + (-5 - -2).
5
What is -4 + (-7 - (8 + -1 + -11))?
-7
Calculate 3 + -11 - -7 - 3.
-4
Calculate 11 - (1 + 7) - 5.
-2
Evaluate -18 + 12 + (0 - -3).
-3
What is the value of 3 + -6 + 1 + -2?
-4
-3 + 3 + (-3 - -4)
1
What is 23 + -31 + (-1 + 5 - -1)?
-3
Calculate 4 + (-3 - -6) + -4 - 2.
1
Evaluate -1 + 3 + (15 - 16).
1
2 + -8 + 5 + -5
-6
Calculate (6 - (-7 + 2 - -1)) + -4.
6
What is -3 - (-1 - (2 - -4))?
4
(53 - 52) + (-8 - -1)
-6
Evaluate 1 + -5 + 12 + -2.
6
-3 + 0 + (-3 - 0) + 7
1
9 + -8 - (-2 + 5)
-2
Calculate -10 + 11 + (-1 - 0) - -3.
3
0 + 4 - (2 + 3)
-1
Evaluate 0 - (3 + (0 - -3)) - 2.
-8
Calculate 5 + -11 + -3 + 11.
2
What is the value of (-1 - -3) + (-4 - -6)?
4
What is 9 - 5 - 5 - (-2 - -7)?
-6
Calculate -4 - (-7 - 3) - 1.
5
(5 - (5 - 9)) + -1
8
Calculate 0 - (0 + -5 + 8).
-3
What is -1 + 2 + -4 - (-4 - -2)?
-1
What is -25 + 19 + 2 + (2 - 3)?
-5
Calculate 4 - (-4 + -1 + 12 - 3).
0
What is the value of (2 - 1) + 2 - -3 - 2?
4
8 - (-4 - -8) - (4 + 1)
-1
-2 + 0 + (-1 - 5) + 5
-3
Evaluate 2 - ((-4 - -5) + -4).
5
What is the value of -5 - -8 - 7 - -6?
2
Evaluate -5 + -11 + (-19 - -27).
-8
What is (7 - (1 + (-1 - -2))) + 6?
11
(-8 - -21) + -23 + 12
2
What is the value of -13 - (-21 + (-9 - -12))?
5
Calculate -4 - -2 - -5 - (9 + -5).
-1
4 + (-5 + (-1 - 3) - -5)
0
What is the value of (6 - 14) + 6 + (0 - 0)?
-2
Calculate 1 - (-4 - -6) - -2.
1
(1 - 11) + (0 - -1) + 4
-5
Evaluate -3 + 2 + 1 + (3 - -1).
4
What is -5 - (3 - -2 - 16) - -1?
7
Calculate -10 - (-4 + 9 + -7).
-8
Evaluate -4 + (5 - 2) + -3 + 3.
-1
What is 7 + -18 + -2 + 8?
-5
Calculate 9 + 9 + -14 - 12.
-8
(1 - -3) + (-7 - -5)
2
What is the value of (-9 - 0) + (-121 - -137)?
7
Evaluate -7 + -2 + (5 - 1).
-5
Evaluate (-13 - (1 + -2)) + 6 - -14.
8
Calculate (3 - -4) + (7 - 11).
3
What is the value of -3 - (2 + (-1 - 5))?
1
Calculate (-12 - -3) + 5 + 1 + 1.
-2
What is -9 + -2 - -2 - -14?
5
Evaluate (3 - (-3 - (-3 + -1))) + -1.
1
Calculate (9 - -4 - 0) + -8.
5
6 + (2 - 7 - -3) - 2
2
What is (4 - -2 - 2) + 1 + -2?
3
What is the value of -12 - -3 - (-1 + 4 + -7)?
-5
What is the value of -6 + 0 - -2 - -4 - 5?
-5
-3 